g?
1
Let u(i) = -i**2 + 73*i - 633. Calculate the remainder when 2154 is divided by u(11).
47
Let z be (-12 - (-5715)/30)/(6/32). Suppose -36*n = -28*n - z. What is the remainder when n is divided by 40?
39
Let d be (8/10)/(36/(-90)). What is the remainder when 359 is divided by (1456/8)/(d + 4)?
86
Suppose 0 = -5*r - 5*k + 2747 - 172, -r + 4*k + 530 = 0. Let l = -496 + r. Calculate the remainder when 305 is divided by l.
19
Let m(l) = 133*l - 2860. Calculate the remainder when 239 is divided by m(22).
41
Let u be (-203)/(-2) - 3/6. Suppose k + 11 = -2*w, w - 5*k + 5 = -6. What is the remainder when (4 - w/(-2)) + -1 + u is divided by 35?
31
Let k = -12178 - -25719. What is the remainder when k is divided by 6?
5
Let q(n) = 7*n**3 + 8*n**2 + 20*n - 40. What is the remainder when 605 is divided by q(2)?
77
Let g be (-6 + 6)*(-2)/(-4). Suppose -18*w + 7*w + 495 = g. Calculate the remainder when w is divided by 23.
22
Suppose 0 = -7*k - 24 + 213. Suppose 0 = 14*l - 1 - k. Suppose -46 = -l*j - 0*j. Calculate the remainder when j is divided by 5.
3
Let z be 6324/(-17) - (2 - -3). Let w = 440 + z. What is the remainder when w is divided by 16?
15
Let j be 654/(-8)*(-88)/(-66). Let v = 143 - j. Calculate the remainder when v is divided by 43.
37
Calculate the remainder when 1124 is divided by 1/(-15) - (-14960)/1650.
8
Let k be 4*274/32 + 3/4. Suppose 459 = 4*l + 5*u, 2*u = l - k - 70. Calculate the remainder when l is divided by 29.
24
Let j be 69/18 - (-4)/24. Suppose 7*o = j*o + 27. What is the remainder when -50*5/(-5) - 9 is divided by o?
5
Let w = -13182 + 29295. What is the remainder when w is divided by 68?
65
Suppose -435*j - 21*j = -188328. Suppose 5*q - 81 + 16 = 0. Calculate the remainder when j is divided by q.
10
What is the remainder when (25/2 - 7)*(8 + 158) is divided by 877?
36
Let p = -5 + 15. Let j = -172 + 298. Let i = j - 110. Calculate the remainder when i is divided by p.
6
Let w be ((-4)/2)/((-4)/6) - 10. Let c = w - -66. What is the remainder when c is divided by 20?
19
What is the remainder when 1039 is divided by 11910/135 - 12/216*(6 + -2)?
71
Suppose -25 = 5*w, 42*a - 38*a = 2*w + 1238. What is the remainder when a is divided by 13?
8
What is the remainder when 2/(-1) + 7 + 3 is divided by (56/(-18))/(-7)*(21 - 3)?
0
Suppose 0 = 188*j - 217*j + 145. What is the remainder when 9 is divided by j?
4
Suppose 3*p - 132 = 2*w, 8*p - 190 = 4*p - 2*w. Calculate the remainder when p is divided by -1*((-30)/100 + 1028/(-40)).
20
Let f(r) be the second derivative of 10*r**3/3 + 59*r**2/2 + 4*r - 3. What is the remainder when f(5) is divided by 54?
51
Suppose -31*n + 26249 = 209*n - 631. What is the remainder when 243 is divided by n?
19
Suppose 4*o = 30*o - 9152. Let u = 584 - o. Calculate the remainder when u is divided by 78.
76
Let r = 40243 - 40121. What is the remainder when 757 is divided by r?
25
Let w = -1223 + 1543. What is the remainder when w is divided by (-1)/((-3)/(-1926)*3*-2)?
106
Suppose -2*w - 14 = -u, 2*w - 4*u = -5 + 3. Let y(q) = -q**3 - 9*q**2 - q - 5. What is the remainder when 4 is divided by y(w)?
0
Let j(l) = l**3 + 25*l**2 - 27*l - 21. Let r be j(-26). Suppose 2*p - 5*p = 4*c - 75, r*p - 70 = -3*c. What is the remainder when 58 is divided by c?
13
Suppose -15*m - 139 - 131 = 0. What is the remainder when 72/m*446/(-8) is divided by 7?
6
Suppose 0 = 25*q - 6731 - 3354 - 9640. What is the remainder when q is divided by 97?
13
Suppose -72 = -7*o + 4*o. Suppose -330 = -3*z + 231. Calculate the remainder when z is divided by o.
19
Let g(z) = z**2 + 19*z - 89. Let l be g(-23). Suppose 3*s - 4*m - 97 - 82 = 0, 2*s - 108 = -l*m. What is the remainder when s is divided by 15?
12
Let n = -213 - -247. Suppose -n*m + 58 = -33*m. What is the remainder when m is divided by 21?
16
Let s(k) = -k + 3. Let m be s(-3). Let p(w) = -1127*w + 1 - 1135*w + 0 + 2265*w. What is the remainder when 93 is divided by p(m)?
17
Suppose -2*y + 224 = 2*p, 8 = 6*y - 4*y. Let n be (-22)/(-3)*3/2. Calculate the remainder when 19 is divided by p/n - (-1 + 36/44).
9
Let q(m) = -2*m**2 + 15*m + 29. Let v be q(11). Let n = -18 - v. What is the remainder when n is divided by 12?
6
Let m = 33 + -46. Let c = -12 - m. Suppose -1 = d - 2*a, 4*d = a + c + 9. What is the remainder when 13 is divided by d?
1
Let q(b) be the third derivative of b**6/40 - b**5/5 + b**4/6 - 2*b**2 - 23. Calculate the remainder when q(5) is divided by 32.
31
Let s(b) = b**3 + 6*b**2 - 16*b + 13. Suppose -5*g = 5*j + 15, 2*j = 7*j - 4*g + 60. Calculate the remainder when 258 is divided by s(j).
11
What is the remainder when 1782 is divided by (-1974)/(-11) + 135/(-297)?
171
Let a(g) = -g + 3. Let p be a(-7). Suppose p*m = 11*m - 629. Suppose -189 + m = 8*s. What is the remainder when s is divided by 29?
26
Let h = 871 - 540. Calculate the remainder when h is divided by 32.
11
Suppose 0*j = j, 3*j = -l - 35. Let i = 37 + l. Suppose -2*h + 0*h = -3*p - 59, -2*h + 44 = i*p. What is the remainder when h is divided by 9?
7
Suppose -104 = -t + 4*b - 30, 56 = t + 2*b. Calculate the remainder when 218 is divided by t.
32
Let t be (-1)/(3/(-6)*(-3)/(-69)). Let v(l) = l**2 - 45*l - 41. Let q = 2 + 14. Calculate the remainder when q is divided by v(t).
1
Let q = 254 - 246. Let v(h) = 3*h**3 - 24*h**2 + 6*h - 7. Calculate the remainder when 125 is divided by v(q).
2
Suppose -77*m + 12241 + 2697 = 0. What is the remainder when m is divided by 22?
18
Let c = 81 + -68. Let a(p) = p**3 + 6*p**2 + 7*p + 8. Let w be a(-5). Calculate the remainder when (200/(-14))/(w/7) is divided by c.
11
Suppose 374 = -c + 2*c + a, -4*c - 3*a + 1500 = 0. Suppose -c = -6*h - 0*h. Let m = -41 + h. What is the remainder when 40 is divided by m?
18
Suppose 4*u - 200 + 32 = 0. Let c(w) = -2*w + 43. Let g be c(-14). Suppose -5*t - 4*m - 2 = -69, 2*m = -5*t + g. What is the remainder when u is divided by t?
12
Let c = 1886 + -148. What is the remainder when (2 - -1)/(4 + c/(-436)) is divided by 102?
14
Let y(r) = r**2 + 24*r + 15. Let v be y(-9). What is the remainder when ((-40)/v)/(-2 + 7658/3828) is divided by 107?
103
Let m(v) = -36*v - 520. What is the remainder when 1311 is divided by m(-15)?
11
Let q be (3 - 413/(-14))*8/(-10). Let m = q + 593. What is the remainder when m is divided by 71?
70
Suppose -3*t + 0*t = -537. Let u(i) = -i**3 + 8*i**2 - 5*i - 8. Suppose 23 - 35 = -3*v. Calculate the remainder when t is divided by u(v).
35
Let u(h) = -h**3 + 2*h**2 + 3*h + 3. Let o be u(-2). Suppose 0 = 7*j - o - 197. Calculate the remainder when 117 is divided by j.
27
Suppose 4*a - 355 = 17. What is the remainder when 1022 is divided by a?
92
Suppose -25840 = -47*n + n + 6*n. What is the remainder when n is divided by 82?
72
Let f(h) = -h**2 - 29*h - 56. Let b be f(-25). Suppose b*k - 37*k - 245 = 0. Calculate the remainder when 69 is divided by k.
34
Let w = 11029 + -8583. What is the remainder when w is divided by 15?
1
Suppose 444*l - 83*l - 71709 = 46338. What is the remainder when 34334 is divided by l?
326
Let u = -9087 - -9177. Calculate the remainder when 24117 is divided by u.
87
Let w(m) = -m**2 + 16*m - 11. Let f be w(15). Suppose 0 = f*q + 220 - 756. What is the remainder when q is divided by 68?
66
Let o(k) = 38*k - 48. Let u be o(4). Suppose 234*x = 242*x - u. Calculate the remainder when x is divided by 1.
0
Let w(r) = -5*r - 10. Suppose 8*h - 633 = 754 - 67. What is the remainder when h is divided by w(-7)?
15
Let o(x) = -x**2 + 10*x + 6. Suppose w = -5*y + 45, 5*y + 4*w = -w + 45. Let t be o(y). What is the remainder when (-5)/t - (-3 + (-345)/9) is divided by 11?
8
Suppose 0 = a + 3 - 4. Suppose a = 2*c + 5*n + 8, n + 1 = 0. What is the remainder when c*102*(-3 + 2) is divided by 15?
12
Let l(y) = y**3 - 18*y**2 - 35*y + 321. What is the remainder when 9329 is divided by l(19)?
13
Let j(u) = u**3 - 5*u**2 - 5*u - 6. Let c be j(6). Suppose 4 = -c*y + y. What is the remainder when 16 - (-984)/(-84) - 1/((-7)/(-2)) is divided by y?
0
Let j be 2*6/(-24)*-78. Let f = j + 27. Calculate the remainder when f is divided by 28.
10
Let v(t) = t + 3. Let c be v(5). Let f(w) = 16*w. Let k(q) = 94*q - 21. Let y(x) = 6*f(x) - k(x). Calculate the remainder when y(c) is divided by 8.
5
Let o be (6 - (-126)